{"id":708,"date":"2018-04-29T20:09:10","date_gmt":"2018-04-29T20:09:10","guid":{"rendered":"http:\/\/ngccomputacion.com.mx\/?page_id=708"},"modified":"2018-04-29T20:09:47","modified_gmt":"2018-04-29T20:09:47","slug":"superadministardor","status":"publish","type":"page","link":"http:\/\/ngccomputacion.com.mx\/index.php\/superadministardor\/","title":{"rendered":"superadministardor"},"content":{"rendered":"<div id=\"pl-708\"  class=\"panel-layout\" ><div id=\"pg-708-0\"  class=\"panel-grid panel-no-style\" ><div id=\"pgc-708-0-0\"  class=\"panel-grid-cell\" ><div id=\"panel-708-0-0-0\" class=\"so-panel widget widget_text panel-first-child panel-last-child\" data-index=\"0\" >\t\t\t<div class=\"textwidget\"><p>Es un sistema modular que permite controlar la comercializaci\u00f3n y elevar la productividad de su empresa a ra\u00edz de un mejor control y direcci\u00f3n de los recursos.<\/p>\n<p>-M\u00f3dulo de ventas y administraci\u00f3n cfdi emitidos.<\/p>\n<p>-M\u00f3dulo de cuentas por cobrar.<\/p>\n<p>-M\u00f3dulo de inventarios.<\/p>\n<p>-M\u00f3dulo de compras y administraci\u00f3n cfdi recibidos.<\/p>\n<p>-M\u00f3dulo de cuentas por pagar.<\/p>\n<p>-M\u00f3dulo de tesorer\u00eda, conciliaciones y diot.<\/p>\n<p>-M\u00f3dulo de comisiones a vendedores y\/o control de veh\u00edculos.<\/p>\n<p>-M\u00f3dulo de generaci\u00f3n de p\u00f3lizas.<\/p>\n<p>-M\u00f3dulo de contabilidad electr\u00f3nica sat.<\/p>\n<p>-M\u00f3dulo de producci\u00f3n y\/u \u00f3rdenes de servicio\/reparaciones.<\/p>\n<p>-Administraci\u00f3n clientes crm\/proyectos\/dispositivos m\u00f3viles o i.<\/p>\n<p>-M\u00f3dulo de tickets o venta al p\u00fablico en general.<\/p>\n<p>-M\u00f3dulo de facturaci\u00f3n de tickets por internet.<\/p>\n<p>-M\u00f3dulo de comercio electr\u00f3nico o ventas por internet (fines 2018).<\/p>\n<p>&nbsp;<\/p>\n<p>&nbsp;<\/p>\n<\/div>\n\t\t<\/div><\/div><div id=\"pgc-708-0-1\"  class=\"panel-grid-cell\" ><div id=\"panel-708-0-1-0\" class=\"so-panel widget widget_media_image panel-first-child panel-last-child\" data-index=\"1\" ><img loading=\"lazy\" decoding=\"async\" width=\"200\" height=\"151\" src=\"https:\/\/i0.wp.com\/ngccomputacion.com.mx\/wp-content\/uploads\/2018\/04\/SAmed.png?fit=200%2C151\" class=\"image wp-image-392  attachment-full size-full\" alt=\"\" style=\"max-width: 100%; height: auto;\" \/><\/div><\/div><\/div><\/div>","protected":false},"excerpt":{"rendered":"<p>Es un sistema modular que permite controlar la comercializaci\u00f3n y elevar la productividad de su empresa a ra\u00edz de un mejor control y direcci\u00f3n de los recursos. -M\u00f3dulo de ventas y administraci\u00f3n cfdi emitidos. -M\u00f3dulo de cuentas por cobrar. -M\u00f3dulo<\/p>\n","protected":false},"author":1,"featured_media":0,"parent":0,"menu_order":0,"comment_status":"closed","ping_status":"closed","template":"page-templates\/page-builder.php","meta":{"om_disable_all_campaigns":false,"_monsterinsights_skip_tracking":false,"_monsterinsights_sitenote_active":false,"_monsterinsights_sitenote_note":"","_monsterinsights_sitenote_category":0,"footnotes":""},"class_list":["post-708","page","type-page","status-publish","hentry"],"jetpack_sharing_enabled":true,"_links":{"self":[{"href":"http:\/\/ngccomputacion.com.mx\/index.php\/wp-json\/wp\/v2\/pages\/708","targetHints":{"allow":["GET"]}}],"collection":[{"href":"http:\/\/ngccomputacion.com.mx\/index.php\/wp-json\/wp\/v2\/pages"}],"about":[{"href":"http:\/\/ngccomputacion.com.mx\/index.php\/wp-json\/wp\/v2\/types\/page"}],"author":[{"embeddable":true,"href":"http:\/\/ngccomputacion.com.mx\/index.php\/wp-json\/wp\/v2\/users\/1"}],"replies":[{"embeddable":true,"href":"http:\/\/ngccomputacion.com.mx\/index.php\/wp-json\/wp\/v2\/comments?post=708"}],"version-history":[{"count":3,"href":"http:\/\/ngccomputacion.com.mx\/index.php\/wp-json\/wp\/v2\/pages\/708\/revisions"}],"predecessor-version":[{"id":711,"href":"http:\/\/ngccomputacion.com.mx\/index.php\/wp-json\/wp\/v2\/pages\/708\/revisions\/711"}],"wp:attachment":[{"href":"http:\/\/ngccomputacion.com.mx\/index.php\/wp-json\/wp\/v2\/media?parent=708"}],"curies":[{"name":"wp","href":"https:\/\/api.w.org\/{rel}","templated":true}]}}