{"id":451,"date":"2018-04-21T20:56:59","date_gmt":"2018-04-21T20:56:59","guid":{"rendered":"http:\/\/ngccomputacion.com.mx\/?page_id=451"},"modified":"2018-04-26T00:53:24","modified_gmt":"2018-04-26T00:53:24","slug":"nosotros","status":"publish","type":"page","link":"http:\/\/ngccomputacion.com.mx\/index.php\/nosotros\/","title":{"rendered":"Nosotros"},"content":{"rendered":"<div id=\"pl-451\"  class=\"panel-layout\" ><div id=\"pg-451-0\"  class=\"panel-grid panel-no-style\" ><div id=\"pgc-451-0-0\"  class=\"panel-grid-cell\" ><div id=\"panel-451-0-0-0\" class=\"so-panel widget widget_text panel-first-child panel-last-child\" data-index=\"0\" ><h3 class=\"widget-title\">Quienes Somos<\/h3>\t\t\t<div class=\"textwidget\"><p class=\"txtform\" align=\"justify\">Somos una empresa con m\u00e1s de 20 a\u00f1os de experiencia en el \u00e1rea de tecnolog\u00eda de la informaci\u00f3n y consultor\u00eda computacional dedicados a brindar soluciones a los negocios en sus necesidades en sistemas administrativos Computacionales.<\/p>\n<p class=\"txtform\" align=\"justify\">Brindando soluciones para todas las necesidades administrativas y operativas de las empresas con sistemas de contabilidad, n\u00f3mina, facturaci\u00f3n, inventarios, cuentas por cobrar\/pagar, control de restaurantes y control de hoteles.<\/p>\n<p class=\"txtform\" align=\"justify\">Adem\u00e1s contamos con personal calificado para ofrecer soporte t\u00e9cnico en el uso del computador, instalaci\u00f3n de redes,\u00a0sistemas de v\u00eddeo vigilancia<\/p>\n<p class=\"txtform\" align=\"justify\">Cons\u00faltenos, estamos convencidos del compromiso que significa apoyar a las empresas en su mejoramiento operativo y administrativo.<\/p>\n<p class=\"txtform\" align=\"justify\">Valores agregados<\/p>\n<div align=\"justify\">\n<ul>\n<li class=\"txtform\">Trato personalizado<\/li>\n<li class=\"txtform\">Servicios de calidad y objetividad<\/li>\n<li class=\"txtform\">Personal capacitado<\/li>\n<li class=\"txtform\">Mejora constante<\/li>\n<li class=\"txtform\">Honradez y compromiso<\/li>\n<\/ul>\n<\/div>\n<\/div>\n\t\t<\/div><\/div><div id=\"pgc-451-0-1\"  class=\"panel-grid-cell\" ><div id=\"panel-451-0-1-0\" class=\"so-panel widget widget_text panel-first-child panel-last-child\" data-index=\"1\" ><h3 class=\"widget-title\">Mision y Objetivos<\/h3>\t\t\t<div class=\"textwidget\"><p>Nuestra misi\u00f3n es trabajar comprometidos con todos nuestros clientes para juntos lograr el posicionamiento de nuestras empresas en el liderazgo del sector productivo en el que participemos.<\/p>\n<\/div>\n\t\t<\/div><\/div><\/div><\/div>","protected":false},"excerpt":{"rendered":"<p>Somos una empresa con m\u00e1s de 20 a\u00f1os de experiencia en el \u00e1rea de tecnolog\u00eda de la informaci\u00f3n y consultor\u00eda computacional dedicados a brindar soluciones a los negocios en sus necesidades en sistemas administrativos Computacionales. Brindando soluciones para todas las<\/p>\n","protected":false},"author":1,"featured_media":0,"parent":0,"menu_order":0,"comment_status":"closed","ping_status":"closed","template":"page-templates\/page-builder.php","meta":{"om_disable_all_campaigns":false,"_monsterinsights_skip_tracking":false,"_monsterinsights_sitenote_active":false,"_monsterinsights_sitenote_note":"","_monsterinsights_sitenote_category":0,"footnotes":""},"class_list":["post-451","page","type-page","status-publish","hentry"],"jetpack_sharing_enabled":true,"_links":{"self":[{"href":"http:\/\/ngccomputacion.com.mx\/index.php\/wp-json\/wp\/v2\/pages\/451","targetHints":{"allow":["GET"]}}],"collection":[{"href":"http:\/\/ngccomputacion.com.mx\/index.php\/wp-json\/wp\/v2\/pages"}],"about":[{"href":"http:\/\/ngccomputacion.com.mx\/index.php\/wp-json\/wp\/v2\/types\/page"}],"author":[{"embeddable":true,"href":"http:\/\/ngccomputacion.com.mx\/index.php\/wp-json\/wp\/v2\/users\/1"}],"replies":[{"embeddable":true,"href":"http:\/\/ngccomputacion.com.mx\/index.php\/wp-json\/wp\/v2\/comments?post=451"}],"version-history":[{"count":9,"href":"http:\/\/ngccomputacion.com.mx\/index.php\/wp-json\/wp\/v2\/pages\/451\/revisions"}],"predecessor-version":[{"id":637,"href":"http:\/\/ngccomputacion.com.mx\/index.php\/wp-json\/wp\/v2\/pages\/451\/revisions\/637"}],"wp:attachment":[{"href":"http:\/\/ngccomputacion.com.mx\/index.php\/wp-json\/wp\/v2\/media?parent=451"}],"curies":[{"name":"wp","href":"https:\/\/api.w.org\/{rel}","templated":true}]}}